7*k = -44 + 2. Suppose 3*s + 22 = 5*z, s = 2*z + k*s - 15. Suppose 5*y - 74 = -2*h, 2*y = -y + z*h + 32. What is the tens digit of y?
1
Let m = 861 + -2000. What is the units digit of m/(-2) + -6 + (-1)/(-2)?
4
Let n be (-2)/(-14) + ((-1851)/21 - -5). What is the tens digit of 5 - (n + 4/(-2))?
9
Suppose 158 = -2*p + 2*u, 5*u + 87 = -3*p - 174. Let z = p - -83. What is the units digit of (7 - 4 - z)/(4/74)?
7
Let k(l) = -l**2 - 11*l - 26. Let v be k(-3). What is the tens digit of 12 + 14750/55 - v/(-11)?
8
Let i(h) = 9*h + 731. Let f be i(0). Suppose 2*g - f = 5*d + 1633, g = -3*d + 1160. What is the hundreds digit of g?
1
Let p(j) = -13*j + 7. Suppose 0 = 5*y - 20, y = 3*l - 0*y + 124. Let k(u) = 170*u - 90. Let n(r) = l*p(r) - 3*k(r). What is the units digit of n(13)?
0
Suppose t + 5*f = -t + 433, 3*f - 831 = -4*t. Suppose s - 252 = 2*x, -528 = 4*x - 0*x + 4*s. Let o = t + x. What is the units digit of o?
6
What is the thousands digit of (1/4*3)/(1/79148)?
9
Let d(k) = k**3 - 5*k**2 + 5*k - 3. Let c be d(5). Let a(s) = c + 3*s - s - 25. What is the tens digit of a(10)?
1
Let w = 99 + -94. Suppose 0 = -2*m + 3*y + 10, 0*m = 5*m + w*y. Suppose m*t - 204 = -i - 56, 2*i - 275 = 3*t. What is the tens digit of i?
4
Let m = -198 + 404. Suppose 60 = 2*l - m. Let j = l - 80. What is the units digit of j?
3
Suppose -7*j - 7313 = -z - 12*j, -3*j + 6 = 0. What is the units digit of z?
3
Let m be ((-24)/4 - -5) + 434 + -2. Let r = 625 - m. What is the units digit of r?
4
Let d(q) = -q**2 + 16*q + 17. Let g be d(17). Let r(f) = 12 + 9*f**3 - 16 - 2*f**2 + g*f**3 - 4*f**3. What is the units digit of r(2)?
8
Suppose 1855*s + 61100 = 1860*s - 5*d, -12216 = -s + 2*d. What is the units digit of s?
4
Let g(i) = i**3 + 9*i**2 - 9*i + 16. Let d be g(-10). What is the hundreds digit of (-283)/(-1) + (-24)/d?
2
Suppose -a - 2 = 49. Let d = a + 21. What is the tens digit of (-1 - d - -1)*144/60?
7
Let m = -34419 - -48661. Suppose 14*v - m = -312. What is the units digit of v?
5
Let x(j) = -j**3 - 5*j**2 + 5*j + 10. Let b be x(-4). Let a(i) = -i**2 - 33*i - 84. What is the tens digit of a(b)?
9
Suppose 2*c + 1 = 3*g, 2*g + 20 = 6*g. Let x(b) = 10*b**2 + 17*b - 44. What is the hundreds digit of x(c)?
5
Suppose 198 = 119*i - 110*i. Suppose -3*o + 4*n = 9, 2*n = -3*o + 5*n - 6. Let b = i + o. What is the units digit of b?
3
Let k = 24 - 20. Suppose -k*f + 276 = 4*m, 2*m - 338 = -3*m + 2*f. Suppose -7*d - m = -670. What is the tens digit of d?
8
Let w = 16204 + 25687. What is the hundreds digit of w?
8
Suppose -549*w + 611*w - 577220 = 0. What is the thousands digit of w?
9
Suppose 3*l + 4537 = -67*z + 68*z, 0 = 2*l. What is the hundreds digit of z?
5
Suppose 155448 - 650192 = -63*y + 902848. What is the units digit of y?
4
Let u = 15859 - 9031. What is the hundreds digit of u?
8
What is the ten thousands digit of ((-9)/(-81) - ((-341)/9 - 2))*367?
1
Let u(a) = 12*a**2 - 327*a - 254. What is the units digit of u(45)?
1
Suppose -2*p + 8 - 4 = 2*w, 5*w + 4*p - 8 = 0. Suppose -2*k + 4*k + 112 = w. Let m = k + 142. What is the units digit of m?
6
Let a(b) = 407*b**3 + 2*b**2 - 24*b + 22. What is the hundreds digit of a(3)?
9
Let n = 141 + -121. Suppose -2*s - 3*u = -808, n*u - 16*u + 404 = s. What is the tens digit of s?
0
Let c be 9/6 + (3 - (-82)/4). Let m(b) = -b**2 + 31*b + 44. What is the units digit of m(c)?
4
Let p(z) = -z**3 - 16*z**2 - 14*z + 19. Let s be p(-15). Suppose -s*l + 2*l + 756 = -4*y, 5*l - 1906 = 2*y. What is the units digit of l?
2
Let c be 6/((5 - (-12162)/(-2430))*-5). Let z = c + 777. What is the tens digit of z?
2
Suppose 28*h + 4518 = 21682. Let u = -489 + h. What is the units digit of u?
4
Let a = 3400 - -5317. What is the tens digit of a?
1
Let r = -6094 - -7053. What is the tens digit of r?
5
Let a be (-1)/(0 - 4/12). Let t(o) = 5*o**2 + 42 - 2*o**2 - 4*o**2 + a*o. What is the units digit of t(0)?
2
What is the thousands digit of (-849*1/2)/(22 - 487/22)?
3
Suppose -2*k + 5039 = 12*p - 11*p, -5*k + p + 12587 = 0. What is the hundreds digit of k?
5
Let g be -20*(1 - 3/(-6)*1). What is the hundreds digit of g/165 + (-3414)/(-22)?
1
Let n = 6471 - -5385. Suppose -3*d + n = 3*d. What is the thousands digit of d?
1
Let g(r) = -r + 50. Let f be g(5). Suppose 13 = -16*v + f. Suppose i - v*c = -3*c + 208, i - 4*c = 188. What is the units digit of i?
4
Suppose 0 = -85*d + 70*d + 29962 + 249383. What is the tens digit of d?
2
Suppose 2*l + 24*g - 58348 = 25*g, 4*l - g = 116698. What is the tens digit of l?
7
What is the thousands digit of 2013/(88/(-24) + 3 + 1)?
6
Suppose 2*o = 7*o - t + 8, o = -3*t - 8. Let k(p) be the first derivative of 17*p**3/3 + p**2/2 + 4*p + 62. What is the units digit of k(o)?
0
Let f = -190 - -203. Suppose -f*n - 399 = -5196. What is the hundreds digit of n?
3
Let g be -15*4/(-8)*(-144)/(-30). Suppose 88 = -32*j + g*j. What is the units digit of j?
2
Suppose -24*b - 36 = -12*b. Let p(d) = 8*d**2 + 5*d + 5. What is the tens digit of p(b)?
6
Let d(s) = 13*s**2 - 61*s - 15. What is the units digit of d(19)?
9
Let v be ((-1981)/28)/(1/(-76)) - -1. What is the hundreds digit of v/16 + (-29)/232?
3
Let z = 61643 + -34936. What is the units digit of z?
7
Let g(t) = 5*t**3 + 4*t**2 + 18*t - 19. Let o(i) = 2*i**3 - 7*i**2 + 6*i - 3. Let m be o(3). What is the units digit of g(m)?
3
Suppose -115*k = -46*k - 88458. What is the tens digit of k?
8
Let c be (42/24 - 1)*20/3. Suppose 1629 + 2641 = c*a. What is the tens digit of a?
5
Suppose -5*r + 3*f = -3035 - 3613, -5*r = 3*f - 6642. What is the tens digit of r?
2
Suppose -3*v + 77 = 8*v. Let k(u) = -v*u - 11*u - 11*u + 21*u - 8. What is the units digit of k(-15)?
2
Suppose 26*q + 20 = 22*q. Let b(u) = u**2 + u - 13. Let x be b(q). Suppose -66 = -x*g + 2*g - z, 3*z - 2 = -g. What is the tens digit of g?
1
Let f = -143 + 223. Let x = 323 - f. What is the units digit of x?
3
Suppose 0 = -21*a + 23*a - 15634. What is the hundreds digit of a?
8
Suppose 1454*w - 1459*w = -6191 - 1419. What is the tens digit of w?
2
Let l(b) = 11*b**2 + 12*b**2 + 12*b**2 + 16*b**2 - 43*b - 18 - 53*b**2. Suppose -o = -3, -5*h + 0*h - 111 = -2*o. What is the units digit of l(h)?
3
Let h = 2031 + -214. Let k = h + -1185. What is the units digit of k?
2
Let x be (-54)/9*(-1)/(-3). Let l be (-2)/6*x + 6144/(-36). What is the tens digit of (-2)/6*3*l?
7
Let v = -352 + 3085. What is the tens digit of (6 + -5)/(-2 + v/1365)?
5
Suppose -19990 = -2*z - 23*y + 26*y, -8 = 4*y. What is the tens digit of z?
9
Let m = 73 - 67. Suppose -2233 = -m*c - 5*c. Let p = c - 71. What is the hundreds digit of p?
1
What is the thousands digit of 15459 + -4 + (-70)/7?
5
Let m = 1972 - 1972. Let c be 422/7 + 2/(-7). Suppose f - 5*j = -m*f + 16, -2*f + 3*j = -c. What is the units digit of f?
6
Let v(t) = -t**3 - 25*t**2 + 106*t + 42. What is the thousands digit of v(-32)?
3
Suppose 50*b + d + 29208 = 54*b, 2*b = -3*d + 14618. What is the units digit of b?
3
Let g = -131 - -138. Let s = g + -8. What is the units digit of 39*(s + 7 + (-2 - 2))?
8
Suppose -2115 = 7*l - 16*l. Suppose l = -2*k + 5*s + 1963, -5*s + 864 = k. What is the hundreds digit of k?
8
What is the ten thousands digit of -3*(-1)/(-2)*75012850/(-4785)?
2
Suppose -26*g + 1675 = -2745. What is the hundreds digit of g?
1
Let s = 195 - -299. Suppose 0 = -8*r + 378 + s. What is the units digit of r?
9
What is the ten thousands digit of (-14)/(-336)*-8 + (-58948)/(-3)?
1
Let j(b) be the first derivative of -b**5/40 + 29*b**4/12 + 11*b**3/3 + 8. Let l(v) be the third derivative of j(v). What is the units digit of l(17)?
7
Let a = 102 - 98. Suppose 5*m - 368 = -2*o + 3*m, o - 193 = -a*m. Suppose 0 = z - 19 - o. What is the units digit of z?
0
Let h be (-14)/(-77) + (-238)/(-22). Let s(j) = j + 5*j**2 + 18 - 6*j**2 + h*j. What is the units digit of s(13)?
5
What is the thousands digit of (1*2 + (-13)/(-26))*(-145380)/(-25)?
4
Let p(z) = 4*z**3 + 16*z**2 + 44*z + 1. What is the hundreds digit of p(7)?
4
Let p(f) = -f**2 + 10*f + 29. Suppose 27 - 51 = -2*b. Let a be p(b). What is the tens digit of 125 + a + (0 - -1)?
3
Suppose 2*o = -2*i - 1 + 11, 5*o - 11 = 2*i. Suppose -4*m = j - 226, m = -i*j - 10 + 483. What is the tens digit of j?
3
Let p be (88/(-40) - -3)/((-1)/(-40520)). Sup